the prime factors of 1490684?
2, 13, 109, 263
What are the prime factors of 723215?
5, 109, 1327
What are the prime factors of 704466?
2, 3, 7, 5591
What are the prime factors of 5903717?
47, 59, 2129
List the prime factors of 2637891.
3, 293099
List the prime factors of 14907042.
2, 3, 828169
What are the prime factors of 3192228?
2, 3, 13, 19, 359
List the prime factors of 660453.
3, 220151
What are the prime factors of 7061?
23, 307
List the prime factors of 4628799.
3, 7, 19, 1289
List the prime factors of 22087636.
2, 23, 409, 587
What are the prime factors of 19704866?
2, 9852433
What are the prime factors of 800948?
2, 200237
What are the prime factors of 6077173?
6077173
List the prime factors of 202319.
13, 79, 197
What are the prime factors of 109530?
2, 3, 5, 1217
List the prime factors of 3786372.
2, 3, 35059
What are the prime factors of 22154614?
2, 599, 18493
List the prime factors of 3916802.
2, 397, 4933
What are the prime factors of 1409695?
5, 7, 40277
List the prime factors of 147354.
2, 3, 41, 599
List the prime factors of 355545.
3, 5, 7901
List the prime factors of 28325777.
43, 61, 10799
What are the prime factors of 207481?
207481
What are the prime factors of 2254677?
3, 157, 4787
List the prime factors of 799434.
2, 3, 23, 1931
List the prime factors of 20562.
2, 3, 23, 149
What are the prime factors of 11817705?
3, 5, 103, 7649
List the prime factors of 33143.
11, 23, 131
List the prime factors of 590399.
590399
List the prime factors of 1552122.
2, 3, 11, 13, 67
What are the prime factors of 684428?
2, 397, 431
What are the prime factors of 1493659?
1493659
List the prime factors of 23941052.
2, 31, 193073
List the prime factors of 2136833.
2136833
List the prime factors of 2502789.
3, 127, 6569
List the prime factors of 692499.
3, 230833
What are the prime factors of 547510?
2, 5, 54751
What are the prime factors of 107665?
5, 61, 353
What are the prime factors of 19931720?
2, 5, 181, 2753
List the prime factors of 91597.
11, 757
What are the prime factors of 5278879?
61, 86539
What are the prime factors of 509793?
3, 109, 1559
List the prime factors of 42931.
7, 6133
List the prime factors of 7035536.
2, 67, 6563
List the prime factors of 1637935.
5, 13, 113, 223
What are the prime factors of 1294497?
3, 143833
List the prime factors of 4561443.
3, 367, 1381
List the prime factors of 1365477.
3, 455159
What are the prime factors of 31523810?
2, 5, 139, 22679
List the prime factors of 641985.
3, 5, 127, 337
What are the prime factors of 294481?
11, 19, 1409
List the prime factors of 5868002.
2, 7, 41, 10223
What are the prime factors of 12377246?
2, 7, 19, 31, 79
List the prime factors of 691617.
3, 230539
What are the prime factors of 188385?
3, 5, 19, 661
What are the prime factors of 5836907?
61, 103, 929
List the prime factors of 1581850.
2, 5, 17, 1861
What are the prime factors of 200726?
2, 100363
What are the prime factors of 379571?
379571
List the prime factors of 689455.
5, 13, 10607
What are the prime factors of 467139?
3, 31, 5023
List the prime factors of 18793486.
2, 9396743
List the prime factors of 233481.
3, 223, 349
List the prime factors of 17685216.
2, 3, 6823
What are the prime factors of 7067042?
2, 127, 27823
What are the prime factors of 9969722?
2, 7, 43, 16561
What are the prime factors of 173234?
2, 37, 2341
What are the prime factors of 2494111?
19, 149, 881
List the prime factors of 3651833.
577, 6329
What are the prime factors of 4931856?
2, 3, 29, 1181
What are the prime factors of 1262385?
3, 5, 1039
List the prime factors of 5109304.
2, 638663
List the prime factors of 138708.
2, 3, 3853
What are the prime factors of 5053443?
3, 1684481
What are the prime factors of 19522997?
13, 101, 14869
List the prime factors of 230304.
2, 3, 2399
List the prime factors of 79583.
7, 11369
List the prime factors of 21665060.
2, 5, 1083253
List the prime factors of 167256.
2, 3, 23, 101
List the prime factors of 10331685.
3, 5, 7, 13, 29
What are the prime factors of 532381?
23, 79, 293
List the prime factors of 99113.
7, 14159
List the prime factors of 485726.
2, 242863
List the prime factors of 2055884.
2, 433, 1187
List the prime factors of 3735936.
2, 3, 23, 47
List the prime factors of 225174.
2, 3, 37529
What are the prime factors of 298529?
7, 11, 3877
What are the prime factors of 5858718?
2, 3, 976453
List the prime factors of 4646966.
2, 23, 101021
What are the prime factors of 10172043?
3, 7, 161461
What are the prime factors of 14381117?
31, 463907
What are the prime factors of 648266?
2, 29, 11177
List the prime factors of 702152.
2, 11, 79, 101
List the prime factors of 443451.
3, 53, 2789
What are the prime factors of 11216279?
11216279
What are the prime factors of 59654?
2, 7, 4261
List the prime factors of 6547430.
2, 5, 654743
What are the prime factors of 611111?
611111
What are the prime factors of 169269?
3, 17, 3319
List the prime factors of 1648806.
2, 3, 97, 2833
List the prime factors of 133398.
2, 3, 7411
List the prime factors of 216890.
2, 5, 23, 41
What are the prime factors of 1011243?
3, 337081
What are the prime factors of 1277669?
17, 4421
What are the prime factors of 827389?
827389
List the prime factors of 2408433.
3, 802811
What are the prime factors of 1159299?
3, 42937
What are the prime factors of 659116?
2, 41, 4019
List the prime factors of 15385.
5, 17, 181
What are the prime factors of 434977?
434977
List the prime factors of 4715567.
1951, 2417
What are the prime factors of 942404?
2, 235601
What are the prime factors of 289467?
3, 71, 151
What are the prime factors of 890641?
103, 8647
List the prime factors of 169483.
169483
List the prime factors of 287800.
2, 5, 1439
List the prime factors of 7642915.
5, 7, 139, 1571
What are the prime factors of 25222742?
2, 1493, 8447
What are the prime factors of 63087?
3, 17, 1237
What are the prime factors of 627426?
2, 3, 1291
What are the prime factors of 2790611?
281, 9931
What are the prime factors of 420406?
2, 7, 30029
What are the prime factors of 24797934?
2, 3, 7, 17, 227
What are the prime factors of 11252220?
2, 3, 5, 7, 73, 367
What are the prime factors of 4081400?
2, 5, 20407
What are the prime factors of 589334?
2, 41, 7187
What are the prime factors of 2871555?
3, 5, 17, 11261
What are the prime factors of 4434934?
2, 7, 43, 53, 139
What are the prime factors of 18525113?
29, 163, 3919
What are the prime factors of 157831?
157831
What are the prime factors of 1849797?
3, 41, 557
List the prime factors of 4991815.
5, 157, 6359
What are the prime factors of 5463840?
2, 3, 5, 11383
What are the prime factors of 833848?
2, 104231
What are the prime factors of 319254?
2, 3, 13, 4093
What are the prime factors of 169516?
2, 42379
List the prime factors of 340673.
101, 3373
List the prime factors of 2898811.
19, 29, 5261
What are the prime factors of 17155?
5, 47, 73
What are the prime factors of 662506?
2, 13, 83, 307
What are the prime factors of 2336632?
2, 292079
What are the prime factors of 15678779?
15678779
List the prime factors of 6742507.
6742507
List the prime factors of 205335.
3, 5, 13
What are the prime factors of 13305079?
13305079
List the prime factors of 14558125.
5, 23293
What are the prime factors of 156354?
2, 3, 11, 23, 103
What are the prime factors of 3769806?
2, 3, 628301
What are the prime factors of 129516?
2, 3, 43, 251
What are the prime factors of 1558250?
2, 5, 23, 271
What are the prime factors of 3548438?
2, 71, 24989
What are the prime factors of 6327019?
19, 97, 3433
List the prime factors of 599436.
2, 3, 16651
List the prime factors of 5398635.
3, 5, 11, 32719
List the prime factors of 115040.
2, 5, 719
List the prime factors of 345561.
3, 229, 503
List the prime factors of 1128258.
2, 3, 19, 3299
List the prime factors of 12838105.
5, 7, 59, 6217
List the prime factors of 511192.
2, 11, 37, 157
List the prime factors of 19300560.
2, 3, 5, 137, 587
List the prime factors of 14424534.
2, 3, 17, 19, 827
What are the prime factors of 531641?
11, 17, 2843
List the prime factors of 21115.
5, 41, 103
What are the prime factors of 269661?
3, 7, 12841
List the prime factors of 25609148.
2, 6402287
What are the prime factors of 2014653?
3, 17, 39503
List the prime f